**2 + 5*w. Let a be h(8). What is the tens digit of 6/a - (-218)/8?
2
Suppose 14*p = -125 + 2449. What is the units digit of p?
6
Let y be (0/1)/(0 - -1). Let c be (36/(-48))/(1/(-4)). Suppose y = g + b - 3, g - c*b = -4*g + 31. What is the units digit of g?
5
Suppose 5*d + 2*a = 18, 0*d - 14 = -d - 3*a. Suppose 0 = -d*n + 4, 2*n = 4*z - 3*n - 98. What is the units digit of z?
7
Suppose 0 = -2*j - 6*j - 112. What is the hundreds digit of (1 - j/(-8)) + 12065/76?
1
Let m(o) = 255*o**2 - 4*o - 1. Let p be -3 - 21/(-9) - 2/6. What is the units digit of m(p)?
8
Let x(u) = 11*u**2 - u + 1. Let c be -6*(12/8)/(-3). Suppose c = 2*m + m. What is the units digit of x(m)?
1
Let i(f) = 8 - f**2 - 4*f**2 - 20 - f**3. What is the tens digit of i(-6)?
2
Let c(k) = -k**2 + 5*k - 4. Let l be c(3). Suppose -4*t + 108 = -l*t. Suppose -76 = -5*n + t. What is the tens digit of n?
2
Let k be (-3)/((-6)/(-4) - 3). Suppose k*i - 8 = 4*i. What is the tens digit of (-2)/i + 123/6?
2
Let u = 1040 + -19. What is the hundreds digit of u?
0
Let a = -187 - -51. Suppose -2*n - n - 4 = 2*u, -4*u = 2*n. What is the tens digit of -4*u + a/(-4)?
3
Suppose -5*x + 17035 = -b, -5*x + b + 17030 = -b. What is the thousands digit of x?
3
Suppose 709 = 3*a - z, -27*z + 16 = -31*z. What is the units digit of a?
5
Let y(m) = 3*m**2 + 36*m - 221. What is the units digit of y(9)?
6
Suppose -8*b + 903 = -297. What is the hundreds digit of b?
1
Let r = -294 - -1029. What is the hundreds digit of r?
7
Let m(w) = -67*w + 17. Let d(x) = -10 - 12*x + 4 + 19*x + 15*x. Let b(r) = 8*d(r) + 3*m(r). What is the units digit of b(-2)?
3
Suppose -7*b + 8950 + 8739 = 0. What is the units digit of b?
7
Suppose 3*b = -0*h - 2*h - 3, -4*h = 4*b. Suppose 5*i - 145 + 25 = h*j, -i = -j - 26. What is the tens digit of i?
2
Suppose 330 = 5*c - 4*a, 0 = -c - 2*a - a + 66. Let o = 18 - 57. Let s = c + o. What is the units digit of s?
7
Suppose 4*g - 1959 = -s + 2490, 10 = -2*g. What is the tens digit of s?
6
Suppose -3*h = 5*l + 103, 2*l - 168 = 4*h + l. Let g = 31 - h. What is the tens digit of g?
7
Let j(x) = 243*x. Let z be j(1). Suppose 4*l - l - z = 0. What is the units digit of l?
1
Suppose 110*a - 2896 = 106*a. What is the tens digit of a?
2
Suppose 8 = 4*r + 5*q, 4*q + 2 = 2*r - 2. Suppose -68 = 3*a - g - g, 2*a = 2*g - 48. What is the tens digit of (5/a)/(r/(-152))?
1
Let g(u) = 587*u**3 + u**2 - 5*u + 3. What is the hundreds digit of g(1)?
5
Let z(m) = 2*m**2 - 23*m - 153. What is the hundreds digit of z(24)?
4
Let f be (-716)/((-24)/12 - (-1 - -1)). Suppose j + 89 - f = 0. What is the hundreds digit of j?
2
Let p = -11 - -15. Suppose 2*q = -b - 10, 5*q - 2*q = p*b + 29. What is the tens digit of (b/8)/(3/(-84))?
2
Let o(m) = 5*m - m**3 - 10*m**2 + 22 - 17*m + 2*m**3. What is the units digit of o(11)?
1
Suppose 5*c + 6 = 2*b + 19, 4*c - b = 8. Let l be (3*c)/((-13)/52). What is the units digit of ((-6)/l)/(1/20)?
0
Suppose o - 529 = 1126. What is the thousands digit of o?
1
Let u(f) = f**2 - 4*f - 8. Let y be u(6). Suppose -4*p + 252 = 4*j, -3*p + y = -2*p. What is the tens digit of j?
5
Let l(i) = 14*i**2 + 11*i - 111. What is the tens digit of l(8)?
7
Suppose -2*c + 21 = -3*v, 4*c - 5*v - 28 - 19 = 0. Suppose 24 + 91 = 5*k. Let l = k - c. What is the units digit of l?
5
Suppose -5*w - 300 = -4*b, 5*b - b + w = 276. What is the tens digit of b?
7
Let g(y) = -157*y - 996. What is the tens digit of g(-24)?
7
Let w(g) = 7*g + 316 - 338 + 2*g. What is the tens digit of w(14)?
0
Suppose j - 176 = -2*w - 16, w + 3*j - 70 = 0. What is the tens digit of w?
8
Let g be (7 - 3)*2/2 + -1. Suppose 0 = -g*a + 551 + 391. What is the units digit of a?
4
Suppose k + k = 70. Suppose 6*w - w = k. Suppose 2*b - w - 63 = 0. What is the tens digit of b?
3
Let d = 20 + -20. Suppose 6*k - 5*k + 11 = d. Let c = -9 - k. What is the units digit of c?
2
Let m(k) = -13*k**3 + 3*k**2 - 4*k - 42. What is the thousands digit of m(-6)?
2
What is the units digit of (-182)/(-2) - -1 - (-10 + 7)?
5
Let t(c) = -c - 7. Let p(l) = -2*l + 6. Let w be p(5). Let a be t(w). What is the units digit of -3*(a - 16/(-6))?
1
Let d(t) = 2*t + 36. Let g be d(0). Let m = g + -26. Suppose 9 = u - m. What is the units digit of u?
9
Suppose -3*j = 12, -24 = -5*v + 4*j + 7. Let r(m) = m - 1. Let c be r(v). Suppose c*d - 18 = -0*d + 3*f, 3*d = -4*f + 10. What is the units digit of d?
6
Let o = 28 + 17. What is the units digit of o?
5
What is the units digit of 40/(-15) - (-22274)/21?
8
Let n(s) = 2*s**3 - 13*s**2 - 7*s - 6. What is the tens digit of n(9)?
3
Suppose 0 = 38*w - 37*w - 611. What is the hundreds digit of w?
6
Suppose 5*q - 2 + 7 = 0, v = 3*q + 5. Suppose 84 = b + v*b. What is the units digit of 14/(-8)*b/(-7)?
7
Let t = 12 + -3. Let w(d) = d**3 - 9*d**2 + 5*d - 12. What is the tens digit of w(t)?
3
Let r(y) = -y**3 + 82*y**2 - 329*y - 156. What is the thousands digit of r(77)?
4
Suppose 5*c - 2*z - 399 = -6*z, -2*c = -2*z - 174. What is the units digit of c?
3
Let i = 101 - -16. What is the tens digit of i?
1
Suppose -4*w + 3587 = 13*w. What is the units digit of w?
1
Let o be -22 + (-7)/(28/16). What is the units digit of 95 - (o/65 - 7/(-5))?
4
Suppose 5*u - 19 = 2*t, -2*u + 3*u + 5*t + 7 = 0. Let g(j) = -3*j**2 - 6*j - 4. Let m be g(-4). What is the tens digit of m/6*(0 - u)?
1
What is the units digit of 1/((-25)/(-6435))*60/18?
8
Let n be 130 + 2/(0 - (-3 - -2)). Suppose 4*l - h = 543, l + h - n = -0*l. What is the hundreds digit of l?
1
Suppose -4 + 17 = -w + i, 3*w = -3*i - 33. Let n be (-36)/(-8)*w/9. What is the tens digit of (7 - 5)*(-51)/n?
1
Suppose t = 5*o - 16, -4*o = -o + 3*t - 6. Let n(p) = 7*p + 22. What is the units digit of n(o)?
3
Suppose 5*i - 3*i = 4*g + 68, 4*g = 4*i - 72. What is the tens digit of g/(-40) + (-676)/(-10)?
6
Suppose 11*c + 725 = 3024. What is the hundreds digit of c?
2
What is the hundreds digit of (-2)/(-10) - (-9)/(-90)*-6798?
6
Let u be (12/(-4) - -4)*0. Suppose -5*d + u*d - 45 = 2*m, 3*d + 81 = -3*m. Let c = m - -51. What is the tens digit of c?
2
Suppose 0 = -2*s - 2*c + 2148, -3*c + 3237 = 3*s - 5*c. What is the hundreds digit of s?
0
Let y = 60 + -28. Let s = -23 + y. What is the tens digit of (-80)/(-2) + (-18)/s?
3
Suppose -4*c - c = -10. Suppose 175 = c*y + 3*y. Let v = -19 + y. What is the units digit of v?
6
Suppose -5*i - 4*y = -38, -3*i - 3*y = i - 30. What is the units digit of (-1972)/(-20) - i/10?
8
Suppose -y + z = -249, -y = 20*z - 15*z - 231. What is the units digit of y?
6
Let f(i) = -16*i + 50. What is the hundreds digit of f(-22)?
4
Let a(q) = -4*q + 30. Let j be a(7). Suppose 2*l = -y + 172, j*l - 5*y = -y + 172. What is the tens digit of l?
8
Suppose -8*l = -17*l + 3546. What is the units digit of l?
4
Suppose -2*s - 3*s = -4*x + 825, -20 = 4*s. What is the units digit of x?
0
Suppose -21*z = -2289 - 2268. What is the hundreds digit of z?
2
Let m = -1255 - -1801. What is the units digit of m?
6
Suppose 2*j = -j - l + 7, l = -5*j + 11. Suppose -38 = j*g - 160. What is the units digit of g?
1
Let u be (-5 - 4/(-2)) + (1 - 13). Let p = u + 54. What is the units digit of p?
9
Suppose 4*m + 13 + 23 = 0. Let r be 3/(((-54)/(-40))/m). What is the units digit of (1 + (-144)/r)*5?
1
Suppose -1167 = -6*q + 1605. Suppose 3*f = 3*x + q, -3*f + 5*x + 615 = f. What is the units digit of f?
5
Let z = 8 + -13. Let p = 59 - 87. What is the units digit of (-16)/(-40) + p/z?
6
Let k be -4 + (-35)/(-10) - (-2209)/2. Suppose -164 = 4*p - k. What is the units digit of p?
5
Let v = -35 - -20. Let j = 18 + v. Suppose -5*i = j*h - 122, 4*h - 2*i = h + 94. What is the tens digit of h?
3
Let b(u) = 5*u**2 + 7*u + 7. Let q(y) = 11*y**2 + 14*y + 14. Let p(g) = -13*b(g) + 6*q(g). What is the tens digit of p(9)?
1
Suppose 5*x + 5*r = 232 + 738, 4*x - 788 = -r. Suppose -2*d + 8*d = x. What is the units digit of d?
3
Let u be ((-25)/(-20))/(1/2)*2. Let q be 5 - (-1)/(-2)*4. Suppose -75 = -u*j + f - 3, -q*j + 42 = -f. What is the tens digit of j?
1
Let b(r) = 775*r**3 + 2*r**2 - 1. What is the tens digit of b(1)?
7
Let q = -547 + 658. What is the units digit of q?
1
Let k = 16 + -62. Let a be (-6)/(-33) + k/11. Let c = 7 + a. What is the units digit of c?
3
Let h(u) = -2*u**3 - 4*u**2 - 1. Let o be h(-3). Let w